t is the greatest common factor of 204 and 96?
12
What is the greatest common divisor of 1503 and 72?
9
Calculate the greatest common factor of 25790 and 30.
10
What is the highest common divisor of 10304 and 23?
23
What is the highest common factor of 245 and 28?
7
Calculate the greatest common divisor of 4056 and 4992.
312
What is the highest common factor of 520 and 715?
65
What is the highest common factor of 17 and 1088?
17
Calculate the highest common factor of 80 and 50.
10
What is the greatest common divisor of 672 and 96?
96
Calculate the greatest common divisor of 96 and 36.
12
What is the greatest common divisor of 311 and 2?
1
Calculate the greatest common divisor of 8 and 3.
1
What is the highest common factor of 10962 and 42?
42
Calculate the greatest common factor of 4030 and 52.
26
Calculate the greatest common factor of 13795 and 5.
5
Calculate the highest common factor of 55 and 4411.
11
What is the greatest common factor of 10710 and 60?
30
Calculate the highest common divisor of 204 and 3372.
12
What is the greatest common divisor of 530 and 6307?
53
What is the greatest common divisor of 912 and 24?
24
What is the highest common divisor of 13 and 9659?
13
Calculate the highest common divisor of 69 and 276.
69
What is the greatest common factor of 59975 and 50?
25
What is the highest common factor of 68 and 2?
2
What is the highest common divisor of 10 and 215?
5
Calculate the highest common factor of 153 and 15.
3
What is the highest common divisor of 14112 and 105?
21
What is the highest common factor of 28 and 4?
4
Calculate the highest common divisor of 91 and 403.
13
Calculate the highest common divisor of 1296 and 48.
48
What is the highest common divisor of 483 and 42?
21
Calculate the highest common factor of 46 and 23.
23
What is the highest common factor of 34 and 34?
34
Calculate the greatest common divisor of 2676 and 96.
12
What is the highest common divisor of 165 and 60?
15
Calculate the highest common factor of 300 and 372.
12
Calculate the highest common factor of 2 and 11282.
2
What is the highest common factor of 2592 and 32?
32
What is the highest common divisor of 13 and 104?
13
Calculate the greatest common divisor of 539 and 49.
49
What is the greatest common divisor of 24 and 888?
24
What is the highest common factor of 16835 and 1036?
259
What is the highest common factor of 19781 and 917?
131
What is the highest common factor of 16 and 50128?
16
Calculate the highest common factor of 1008 and 2044.
28
What is the highest common factor of 17563 and 182?
91
What is the highest common divisor of 1363 and 94?
47
Calculate the greatest common divisor of 3876 and 204.
204
What is the greatest common factor of 237 and 15?
3
Calculate the highest common divisor of 704 and 132.
44
What is the greatest common divisor of 6544 and 48?
16
What is the greatest common factor of 224 and 28?
28
Calculate the greatest common factor of 176 and 1144.
88
Calculate the greatest common factor of 99 and 93.
3
Calculate the highest common factor of 4445 and 140.
35
What is the highest common divisor of 145 and 203?
29
Calculate the greatest common divisor of 10 and 22.
2
What is the highest common divisor of 3 and 131?
1
Calculate the highest common factor of 8410 and 58.
58
Calculate the greatest common divisor of 51 and 34.
17
Calculate the highest common factor of 16 and 1.
1
Calculate the highest common divisor of 591 and 7289.
197
Calculate the highest common factor of 13 and 52.
13
Calculate the greatest common factor of 4890 and 105.
15
What is the highest common divisor of 1460 and 20?
20
Calculate the highest common factor of 512 and 384.
128
What is the greatest common divisor of 184 and 49864?
184
Calculate the greatest common divisor of 46 and 18883.
23
Calculate the highest common factor of 105 and 651.
21
What is the greatest common factor of 309 and 3?
3
What is the greatest common factor of 37105 and 205?
205
What is the greatest common divisor of 17 and 4828?
17
What is the greatest common factor of 121 and 9317?
121
Calculate the greatest common factor of 470 and 4606.
94
What is the greatest common divisor of 2744 and 208?
8
What is the greatest common divisor of 69 and 3381?
69
What is the greatest common factor of 156 and 1944?
12
What is the highest common divisor of 556 and 4?
4
What is the highest common divisor of 506 and 22?
22
What is the greatest common divisor of 46 and 161?
23
What is the greatest common factor of 6 and 5622?
6
Calculate the greatest common factor of 906 and 12.
6
What is the greatest common divisor of 17 and 5?
1
What is the greatest common factor of 66 and 10230?
66
Calculate the greatest common divisor of 30 and 85.
5
Calculate the highest common factor of 7 and 7.
7
Calculate the highest common factor of 45 and 5220.
45
What is the greatest common divisor of 320 and 40?
40
What is the greatest common divisor of 360 and 160?
40
Calculate the greatest common divisor of 84 and 77.
7
What is the highest common divisor of 22410 and 332?
166
Calculate the highest common divisor of 147 and 24.
3
Calculate the highest common factor of 48 and 80.
16
Calculate the highest common factor of 87 and 29.
29
Calculate the greatest common divisor of 80 and 22.
2
What is the highest common divisor of 5290 and 20?
10
Calculate the greatest common factor of 60 and 2652.
12
Calculate the greatest common divisor of 18 and 14886.
18
Calculate the highest common factor of 69 and 1334.
23
What is the greatest common factor of 27 and 108?
27
What is the greatest common factor of 765 and 25?
5
What is the highest common factor of 40 and 410?
10
What is the highest common factor of 51 and 51?
51
What is the highest common divisor of 830 and 20?
10
What is the greatest common divisor of 514 and 7453?
257
What is the greatest common factor of 20 and 5470?
10
Calculate the greatest common factor of 94 and 1739.
47
Calculate the highest common divisor of 12 and 1662.
6
Calculate the greatest common divisor of 63 and 70.
7
What is the greatest common factor of 208 and 16?
16
Calculate the greatest common divisor of 97 and 1261.
97
Calculate the highest common factor of 114 and 2774.
38
Calculate the highest common divisor of 256 and 208.
16
Calculate the highest common factor of 22 and 902.
22
Calculate the highest common divisor of 85 and 3.
1
Calculate the highest common factor of 17 and 26588.
17
Calculate the greatest common divisor of 114 and 162.
6
Calculate the greatest common divisor of 5888 and 23.
23
What is the greatest common factor of 60 and 1020?
60
What is the greatest common divisor of 5389 and 17?
17
Calculate the greatest common factor of 12595 and 916.
229
Calculate the highest common divisor of 1550 and 992.
62
What is the greatest common factor of 1417 and 13?
13
What is the highest common divisor of 2177 and 7?
7
What is the highest common factor of 6 and 62?
2
What is the highest common factor of 525 and 35?
35
Calculate the highest common factor of 174 and 6.
6
What is the greatest common divisor of 135 and 190?
5
What is the greatest common factor of 54 and 204?
6
What is the highest common factor of 84 and 2946?
6
What is the greatest common factor of 242 and 198?
22
Calculate the greatest common divisor of 63 and 36.
9
Calculate the highest common divisor of 6583 and 58.
29
Calculate the highest common divisor of 11722 and 2.
2
What is the highest common factor of 833 and 952?
119
Calculate the greatest common factor of 3 and 21921.
3
What is the highest common divisor of 12 and 672?
12
What is the highest common divisor of 584 and 657?
73
Calculate the highest common divisor of 12 and 258.
6
Calculate the highest common divisor of 820 and 2624.
164
What is the highest common divisor of 1537 and 232?
29
Calculate the highest common factor of 3 and 33.
3
Calculate the highest common divisor of 6509 and 23.
23
Calculate the highest common divisor of 50 and 3650.
50
Calculate the highest common divisor of 395 and 65.
5
What is the greatest common divisor of 51 and 221?
17
What is the highest common divisor of 13 and 91?
13
Calculate the greatest common factor of 128 and 3736.
8
What is the highest common factor of 3609 and 2?
1
What is the highest common factor of 2109 and 74?